se 19 = -q - s + 52, 10 = 2*s. Suppose -4*w + 50 = w. Let v be 25/10*28/w. What is the highest common divisor of q and v?
7
Let b be (37/(-3))/((-3)/(-36)). Let w = -78 - b. Calculate the greatest common factor of w and 28.
14
Let a(o) = -o**3 - 9*o**2 + 28*o + 122. Let s be a(-11). What is the greatest common divisor of s and 1400?
56
Let q = -53 - -57. Let z(i) = i**3 + 1 + 2*i - 4 - 3 - 3*i**2. Let m be z(q). What is the greatest common factor of m and 108?
18
Let z = -9 - -16. Suppose 27*i = 45*i - 1386. What is the greatest common factor of i and z?
7
Let n be ((-19)/38*46)/((-1)/11). What is the greatest common divisor of n and 23?
23
Let n be (-13)/(-1 - 10/(-15)). What is the highest common factor of 6 and n?
3
Suppose 536 = 8*y - 12*y. Let s = -85 - y. What is the highest common divisor of s and 7?
7
Let c(a) = a**2 - 4*a - 7. Suppose -7*m - 44 = -5*y - 3*m, 5*y - 41 = m. Let z be c(y). What is the highest common factor of z and 100?
25
Let a be 30/(-90) - 5936/(-6). Calculate the highest common factor of a and 23.
23
Let u be ((-80)/100)/((-1)/(-15)). Let m be (-87)/u - (-2)/(-8). Let a be (-72 - -2)*(-2)/4. What is the highest common divisor of a and m?
7
Let i be -1 + (105/10 - (-1)/2). Let v(b) = b**2 - 4*b**2 - 5 + 5*b**2 - 3*b. Let c be v(i). What is the greatest common divisor of 33 and c?
33
Let l(p) = -2*p + 12 - p**2 - 5*p**3 + 3*p**3 + 3*p**3 - 2*p**2. Let j be l(6). Calculate the greatest common factor of 36 and j.
36
Suppose 6 = h - r - 16, 5*h - 3*r = 114. What is the highest common divisor of h and 168?
24
Suppose 8*d = -116 + 36. Let m(r) = 2*r**2 + 12*r - 15. Let v be m(d). Calculate the highest common factor of 13 and v.
13
Suppose 31*p = 27*p - q + 1028, -4*p + 1044 = -3*q. Calculate the greatest common divisor of p and 24.
6
Suppose 0 = -6*t + 159 + 123. Calculate the highest common divisor of t and 2209.
47
Let m = -127 - -182. Let z = m - 36. Calculate the greatest common factor of z and 38.
19
Suppose -4*t - 6 = -n, -t - 3 = -5*n + 8. Let d(f) = 6*f - 3. Let z be d(n). Calculate the greatest common factor of 45 and z.
9
Suppose 4*b = -s - 55 + 187, -5*b + 3*s = -182. Let f = b + -13. Suppose -y = -3*j - 90, 2*y - j - 338 = -2*y. What is the greatest common factor of f and y?
21
Let c = 29 - 9. Suppose 2 = -4*x + 3*q + 7, c = x + 3*q. Suppose x*h - 16 = h. Calculate the greatest common factor of 36 and h.
4
Let u = -17 - -45. Let i(l) = -75*l - 5. Let v be i(-1). Calculate the greatest common divisor of u and v.
14
Let t(h) = h**3 - 8*h**2 - 8*h + 4. Let c be t(9). Suppose 0 = -3*f + 63 - 24. Calculate the highest common divisor of c and f.
13
Let f be ((-6)/5)/(1/(-20)). Let x = -3124 + 3166. Calculate the highest common divisor of x and f.
6
Let p be 2/(-2)*(26 - 5). Let n be (-1631)/p - (-4)/(-6). Calculate the greatest common factor of n and 22.
11
Suppose p - 11 - 10 = 4*j, -p + j + 9 = 0. Let q(s) = s + 1. Let t be q(p). Calculate the highest common divisor of 3 and t.
3
Let z = 27 + 3. Suppose -y + 256 = 3*y. Let s = y - -11. What is the greatest common divisor of z and s?
15
Let v be (78/117)/((-3)/(-4617)). Calculate the greatest common factor of 54 and v.
54
Let d(a) = -48*a + 4. Let m be d(-7). Let b = -30 + 40. Let z be m/(-51)*(-168)/b. Calculate the highest common factor of 16 and z.
16
Suppose -3*y + 3*d = -456, 3*d = 4*y - 749 + 143. What is the highest common divisor of y and 20?
10
Let b = 361 + -86. Suppose 8*v - b = 3*v. Calculate the greatest common factor of v and 5.
5
Let j(i) = -2*i**3 - 2*i**2 + 2*i - 8. Let y be (-6)/(-8) - (-114)/(-24). Let p be j(y). What is the greatest common divisor of p and 32?
16
Let b(d) = 6*d - 20. Let k be b(7). What is the greatest common factor of 814 and k?
22
Let s be 0 - (-180)/(-5)*-1. What is the greatest common divisor of 81 and s?
9
Let r(m) = 35*m**2 - 27*m + 27. Let h be r(1). What is the highest common divisor of 5 and h?
5
Suppose -16 + 4 = -2*w. Suppose 437*i + 264 = 441*i. Calculate the greatest common factor of w and i.
6
Let t = -698 - -878. What is the highest common factor of t and 45?
45
Let n(v) = v**3 - 25*v**2 - 29*v + 80. Let b be n(26). Calculate the highest common divisor of b and 22.
2
Suppose 3*d + 2 + 1 = q, 0 = -3*d - q - 3. Let x be (-56)/20 + (-2)/10. Let m be (-1 + 4)/(d/x). What is the greatest common factor of m and 72?
9
Suppose c = 4*c + 12, 3*c + 67 = t. Let u = t + -49. Calculate the greatest common factor of u and 24.
6
Suppose 0 = 4*z + 241 + 151. Let r = 226 + z. Let x(v) = v**3 + 9*v**2 + 9*v - 3. Let d be x(-7). What is the highest common divisor of d and r?
32
Suppose -2*i - 3*f = 465, -2*f - 2*f = 5*i + 1159. Let l = i + 638. Suppose -3*g - 111 = -6*g. What is the highest common divisor of l and g?
37
Let r(g) = -g**3 + 8*g**2 - g + 7. Suppose m + 40 = 6*m. Let v be r(m). Let p be 26/2 - (-1)/v. What is the greatest common divisor of p and 108?
12
Let h(o) = -o**3 + o**2 - 2*o - 8. Let z be h(-2). Calculate the highest common divisor of z and 100.
4
Let p(r) = 2*r**2 - 8*r + 21. Let y be p(4). Let z(h) = 5*h - 23. Let s be z(6). Calculate the highest common divisor of y and s.
7
Let w be 57 + (-2 - (-2 + 1)). Let o(z) = 5*z + 62. Let r be o(-16). Let l = -11 - r. Calculate the highest common factor of w and l.
7
Suppose s - 20 = -4*k + 101, k + 450 = 4*s. Let n = s + -70. What is the greatest common divisor of 344 and n?
43
Let y = 2338 - 1850. What is the highest common divisor of 183 and y?
61
Suppose 16*f - 231 = 13*f. What is the highest common divisor of 385 and f?
77
Suppose -190 = -x - n, -n - 4*n - 751 = -4*x. Calculate the greatest common factor of x and 28.
7
Let b be 9/72 - 1847/(-8). What is the greatest common factor of b and 77?
77
Suppose 4*z + 41 - 1 = 0. Let u be z/(-2) - (-2 - -2). Suppose 12 = u*l - 18. What is the highest common factor of l and 24?
6
Suppose 396*n + 12750 = 426*n. Calculate the highest common divisor of n and 17.
17
Let m(o) = -19*o + 3. Let k be m(-3). Suppose 2*a - 30*p = -28*p + 90, -3*p - 15 = 0. Calculate the greatest common factor of a and k.
20
Suppose 0 = -9*u + 6*u - 18. Let q be 100/28 + u/(-14). Suppose 0*i = 3*h - 5*i - 227, 3*h - q*i - 232 = 0. Calculate the highest common divisor of 12 and h.
12
Let b(s) = 12*s + 1 + 11*s - 8 - 10*s. Let r be b(2). Calculate the greatest common divisor of r and 190.
19
Let d be (14 + -15 + 4)*(0 + 4). Calculate the greatest common divisor of d and 54.
6
Let j(a) = 2*a**2 - 18*a - 2. Let p be j(11). What is the greatest common divisor of p and 315?
21
Suppose -8*g = -53 - 75. Calculate the greatest common factor of 112 and g.
16
Let j(b) = 3*b + 2. Let h be j(-3). Let u = -7 - h. Let t be (-3)/1 + u - -10. Calculate the greatest common factor of 63 and t.
7
Suppose 0 = -7*u - 76 + 811. Calculate the greatest common divisor of u and 168.
21
Let s(h) = -h**2 + 15*h - 30. Let o be s(7). What is the greatest common factor of 806 and o?
26
Let p(h) = -h**2 + h + 19. Let u be p(0). Let q be 4/((-32)/(-228))*(-24)/(-18). What is the greatest common divisor of u and q?
19
Suppose 20*x - 27 = -207. Let c(f) = -2*f**2 - 18*f + 9. Let z be c(x). What is the greatest common divisor of z and 3?
3
Suppose 51*u + 249 = 1575. What is the greatest common factor of 208 and u?
26
Suppose -s = 3*s. Suppose 132 = -s*f + 4*f. Suppose 2*h - h = 11. What is the highest common factor of h and f?
11
Let t(x) = 14*x**2 + 3*x + 2. Let h be t(-1). Suppose 2*l - h = -2*f - 1, 0 = -4*f + 5*l + 6. What is the greatest common factor of 52 and f?
4
Let k(b) = b**3 - 5*b**2 - 6*b - 6. Let z be k(7). Let g be -3 + 0 + -4 + 8 - -124. What is the highest common divisor of g and z?
25
Suppose 2*d - 3*d = q - 109, 5*q + 505 = 5*d. Calculate the greatest common divisor of d and 465.
15
Let m(c) = 16*c. Let u(b) = b - 1. Let t(r) = -m(r) + 6*u(r). Let n be t(-2). Let h = 10 + n. Calculate the highest common divisor of 96 and h.
24
Let w = 117 - -36. Suppose 0 = 6*x + x - 119. What is the highest common factor of w and x?
17
Let c(d) = 12*d + 354. Let w be c(-22). Calculate the greatest common factor of 450 and w.
90
Suppose 2*b = -8*b + b. Suppose b = 3*s - 3*r + 2*r - 325, 5*r + 545 = 5*s. What is the highest common divisor of s and 36?
36
Suppose 92 = 4*g - 124. What 